remainder when 11809798 is divided by 590488.
38
What is the remainder when 3923690 is divided by 1653?
1121
What is the remainder when 312988 is divided by 2604?
508
Calculate the remainder when 5317612 is divided by 5995.
47
What is the remainder when 19556067 is divided by 49509?
12
Calculate the remainder when 771421 is divided by 4290.
3511
Calculate the remainder when 425644293 is divided by 14.
11
Calculate the remainder when 3349004 is divided by 43.
35
Calculate the remainder when 5692760 is divided by 774.
764
Calculate the remainder when 18351241 is divided by 4587808.
9
Calculate the remainder when 34037 is divided by 1547.
3
What is the remainder when 6351123 is divided by 271?
238
Calculate the remainder when 1380816 is divided by 64.
16
Calculate the remainder when 2098860 is divided by 349800.
60
What is the remainder when 695241599 is divided by 800?
799
Calculate the remainder when 70993347 is divided by 124.
123
What is the remainder when 706341 is divided by 2071?
130
Calculate the remainder when 94128009 is divided by 130552.
17
Calculate the remainder when 126368 is divided by 337.
330
Calculate the remainder when 23520940 is divided by 588021.
100
Calculate the remainder when 2285843 is divided by 75.
68
What is the remainder when 65527 is divided by 599?
236
What is the remainder when 126816819 is divided by 18666?
15
Calculate the remainder when 6798 is divided by 3387.
24
Calculate the remainder when 15086170 is divided by 189.
1
What is the remainder when 2897098 is divided by 2491?
65
What is the remainder when 209608 is divided by 9926?
1162
What is the remainder when 61194 is divided by 20361?
111
Calculate the remainder when 194791 is divided by 230.
211
What is the remainder when 5947146 is divided by 68?
2
Calculate the remainder when 248935000 is divided by 32.
24
Calculate the remainder when 514473 is divided by 108.
69
What is the remainder when 135403 is divided by 15032?
115
Calculate the remainder when 230102 is divided by 598.
470
Calculate the remainder when 2986322 is divided by 124430.
2
What is the remainder when 785312 is divided by 22436?
52
Calculate the remainder when 848913 is divided by 89.
31
Calculate the remainder when 44809277 is divided by 5440.
5437
Calculate the remainder when 45462931 is divided by 15154310.
1
Calculate the remainder when 40845185 is divided by 24.
17
What is the remainder when 313752051 is divided by 682?
679
What is the remainder when 17639919 is divided by 10?
9
What is the remainder when 1911390 is divided by 3566?
14
Calculate the remainder when 238993434 is divided by 1680.
1674
What is the remainder when 15496989 is divided by 1528?
13
Calculate the remainder when 83211914 is divided by 983.
964
Calculate the remainder when 206992 is divided by 51713.
140
What is the remainder when 2113424 is divided by 788?
8
Calculate the remainder when 41103 is divided by 512.
143
Calculate the remainder when 348644668 is divided by 58.
56
What is the remainder when 824529 is divided by 824412?
117
What is the remainder when 698141 is divided by 5934?
3863
What is the remainder when 4298713 is divided by 3?
1
Calculate the remainder when 21835 is divided by 21643.
192
What is the remainder when 129646 is divided by 18454?
468
Calculate the remainder when 196531 is divided by 12282.
19
What is the remainder when 7615385 is divided by 1551?
1526
Calculate the remainder when 566031 is divided by 38.
21
Calculate the remainder when 38774 is divided by 12396.
1586
Calculate the remainder when 3384365 is divided by 307.
304
What is the remainder when 153354 is divided by 178?
96
Calculate the remainder when 172718 is divided by 2157.
158
Calculate the remainder when 23531 is divided by 1558.
161
Calculate the remainder when 7266289 is divided by 558945.
4
Calculate the remainder when 13047747 is divided by 1845.
1752
Calculate the remainder when 10048348 is divided by 2512084.
12
What is the remainder when 10951792 is divided by 11349?
7
Calculate the remainder when 322842 is divided by 29.
14
Calculate the remainder when 1128106 is divided by 356.
298
What is the remainder when 164074087 is divided by 34954?
11
What is the remainder when 659436 is divided by 659188?
248
Calculate the remainder when 14348432 is divided by 1024884.
56
Calculate the remainder when 194733 is divided by 9813.
8286
Calculate the remainder when 970013 is divided by 382.
115
What is the remainder when 27876692 is divided by 4646114?
8
What is the remainder when 24228355 is divided by 1075?
5
What is the remainder when 7770173 is divided by 401?
397
Calculate the remainder when 74740805 is divided by 34747.
8
What is the remainder when 4021806 is divided by 1005450?
6
Calculate the remainder when 14247021 is divided by 602.
89
Calculate the remainder when 31981 is divided by 2303.
2042
Calculate the remainder when 7661512 is divided by 680.
632
Calculate the remainder when 1664987 is divided by 16.
11
What is the remainder when 80009 is divided by 6630?
449
What is the remainder when 1490142 is divided by 12522?
24
Calculate the remainder when 11666036 is divided by 474.
422
What is the remainder when 45029814 is divided by 3371?
3367
Calculate the remainder when 179944 is divided by 238.
16
What is the remainder when 70884 is divided by 11790?
144
Calculate the remainder when 372530 is divided by 214.
170
Calculate the remainder when 1619188 is divided by 3219.
31
Calculate the remainder when 370852 is divided by 26466.
328
What is the remainder when 30938 is divided by 1342?
72
What is the remainder when 42756142 is divided by 515134?
20
Calculate the remainder when 4127336 is divided by 687887.
14
What is the remainder when 149563 is divided by 357?
337
What is the remainder when 2625583 is divided by 375083?
2
Calculate the remainder when 74285738 is divided by 2013.
2012
What is the remainder when 603047 is divided by 97?
95
Calculate the remainder when 276895 is divided by 9.
1
What is the remainder when 86201 is divided by 2170?
1571
Calculate the remainder when 1745372 is divided by 212.
188
Calculate the remainder when 12025 is divided by 11439.
586
Calculate the remainder when 64282642 is divided by 21427533.
43
What is the remainder when 102099 is divided by 351?
309
Calculate the remainder when 4789920 is divided by 136.
0
Calculate the remainder when 1032922 is divided by 1544.
1530
What is the remainder when 24090 is divided by 5806?
866
Calculate the remainder when 94866817 is divided by 31.
28
Calculate the remainder when 309500 is divided by 570.
560
Calculate the remainder when 414816 is divided by 997.
64
Calculate the remainder when 5066973 is divided by 32.
29
What is the remainder when 884352 is divided by 462?
84
What is the remainder when 63682076 is divided by 56?
52
Calculate the remainder when 2822617 is divided by 705622.
129
Calculate the remainder when 185270 is divided by 308.
162
Calculate the remainder when 9253580 is divided by 4626779.
22
What is the remainder when 37519 is divided by 387?
367
What is the remainder when 192719 is divided by 624?
527
What is the remainder when 2702983 is divided by 162?
13
Calculate the remainder when 593880 is divided by 4272.
72
Calculate the remainder when 18180853 is divided by 159.
157
What is the remainder when 11686344 is divided by 233?
229
Calculate the remainder when 1201554 is divided by 171574.
536
What is the remainder when 715740 is divided by 8322?
48
What is the remainder when 107697 is divided by 17552?
2385
What is the remainder when 358989 is divided by 1542?
1245
Calculate the remainder when 512733 is divided by 17091.
3
What is the remainder when 3407452 is divided by 51627?
70
What is the remainder when 4734293 is divided by 17?
14
What is the remainder when 2205900 is divided by 1645?
1600
Calculate the remainder when 12503738 is divided by 1008.
506
Calculate the remainder when 1172170 is divided by 296.
10
What is the remainder when 241096 is divided by 4636?
24
Calculate the remainder when 499868 is divided by 389.
3
Calculate the remainder when 10765089 is divided by 13.
10
Calculate the remainder when 24150 is divided by 165.
60
What is the remainder when 26087883 is divided by 1187?
1184
What is the remaind